p**7/560 + p**6/72 - 13*p**5/10 + 42*p**2 + p. Let k(x) be the third derivative of o(x). Calculate k(10).
0
Let z(s) = -292*s**2 + 8*s - 9. Let p(g) = 251*g**2 - 8*g + 8. Let b(j) = 7*p(j) + 6*z(j). Give b(3).
23
Let g(m) = m**3 - 5*m**2 + 6*m - 1. Let x = 5386 - 5382. Give g(x).
7
Suppose 4*u = 548*x - 553*x + 5, -2*x + 4 = 2*u. Let m(j) = -j**2 - 7*j - 4. What is m(x)?
8
Let i(l) = 2*l - 7. Let x be (2/(-4))/((-5)/(-300)*-5). Let n be i(x). Let r(z) = -z**3 + 3*z**2 + 6*z - 6. Give r(n).
-26
Let p(l) = 85*l**2 + 45*l + 50. Let t(f) = -19*f**2 - 10*f - 11. Let b(i) = 9*p(i) + 40*t(i). Determine b(-2).
20
Let j = 981 - 968. Suppose -29*s - q = -32*s - j, 2*s = 3*q - 18. Let u(x) = -2*x**3 - 4*x**2. Determine u(s).
18
Let k(l) = -9*l - 7. Let m(t) = 17*t + 11. Let u(q) = 1. Let n(h) = m(h) + u(h). Let b(c) = -5*k(c) - 3*n(c). Suppose 0 - 3 = 3*o. Give b(o).
5
Let u(x) = 4*x**2 + 10*x + 4. Let d(h) = -2*h**2 + 22*h - 22. Let z be d(8). Let w(b) = b**3 - 17*b**2 - 43*b - 17. Let g(j) = z*u(j) + 6*w(j). Determine g(-2).
-42
Let l(f) = -10*f + 1. Let h(m) = -m**2 - 18*m - 63. Let x = 79 + -92. Let k be h(x). Give l(k).
-19
Suppose 3*l - 3 = 0, -4*u - 3*l - l = -4. Suppose u = -3*o + 4*w - 4, 6*o - 4*o + 12 = 5*w. Let i(n) = n**2 - 5*n + 1. Give i(o).
-3
Let y(j) = -54*j + 18 + 209 + 261 + 112. Calculate y(11).
6
Let g(w) = w + 31. Let u(t) = 8*t**3 + 23*t**2 + 4*t + 10. Let x(r) = -7*r**3 - 20*r**2 - 5*r - 10. Let f(o) = -6*u(o) - 7*x(o). Let k be f(-1). Give g(k).
31
Let o(z) = -z**3 + 6*z**2 - 7*z - 4. Let i be o(3). Let g(s) = s**i + s + 332 + 335 - 666 - s**3. Let q be (2/4)/((-3)/6). What is g(q)?
2
Let r(i) be the second derivative of -1/12*i**4 - 33*i + 1/2*i**3 + 0 + 3/2*i**2. What is r(4)?
-1
Let t(u) = u**3 - u. Let f(g) = -5*g**3 - 5*g**2 - 5*g + 28. Let r(w) = f(w) + 6*t(w). Let n be r(6). Let v(x) = -10*x - 2. Give v(n).
18
Let a = 476 - 473. Suppose a*z + 4*x = 1, 2*z + 5*x - 4*x - 4 = 0. Let o(h) = -h**2 + 3*h - 2. What is o(z)?
-2
Let m be 11 - (-5 - (-1 + -3)). Let y(n) = 0*n - n + m + 3 - 17. What is y(0)?
-2
Let m(b) = 4*b**2 - 6*b - 128*b**3 + 7 + 129*b**3 + 0 - 13*b**2. What is m(10)?
47
Let f(p) be the second derivative of p**4/12 + 5*p**3/6 + 8*p**2 + 18*p - 10. Calculate f(-7).
30
Let m be (4/(-5))/(2/(-10)). Let v be -3 - (-1 + (-1 - m)). Let g(w) = 6*w**v + 4*w**2 + 2*w**3 - 2*w**2 - 6*w**3 + 2. Give g(-2).
-6
Let q(b) = -41*b - 48*b + 88*b + 4. Let p be 1/(1 - 39/36). Let r be (-3 - p)/(-9*(-3)/18). Calculate q(r).
-2
Suppose -5*b + 0*y + 3*y = 180, 3*b + 2*y + 127 = 0. Let j = -40 - b. Let l(w) = 6*w**3 + w**2 - 1. What is l(j)?
-6
Suppose j - 44*j + 26 = -146. Let w(s) = -6*s + 0 - 2 + s**2 + 0*s**2. Give w(j).
-10
Let d(o) = -6*o - 61. Suppose -5*i - 99 = 8*h, 58 - 100 = 3*h - 3*i. Give d(h).
17
Let n(i) = -i**3 - 12*i**2 + 16*i + 17. Suppose -p = 4*a + 25, -25*p + 21*p = -4*a + 40. Determine n(p).
-22
Suppose -2*u + 3 = 5*f, 4*u - 7*u = 3*f. Let d(v) = -2*v + 6*v - f - 5*v. Let w = 5 + -1. Determine d(w).
-5
Let w(p) be the first derivative of -p**3/3 + 16*p - 1924. Determine w(-4).
0
Let x(j) = -20 + 0*j - 19 - j + 65 - 27 + 2*j**2. Give x(1).
0
Let r(j) = -j**2 - j. Let u(k) = -59*k**3 + 3*k**2 + 3*k + 1. Let i(z) = -4*r(z) - u(z). What is i(1)?
60
Let v(h) = 2*h - 21*h**3 + 24 + 19*h**3 + 4*h - 15 - 16 + 3*h**2. Calculate v(2).
1
Let h = 2400 + -2394. Let s(g) = g**3 - 5*g**2 - 8*g + 18. What is s(h)?
6
Let a be -7*(798/98 - 9). Let o(t) = -t**3 + 6*t**2 + 7*t - 54. Calculate o(a).
-12
Let m be 3813/(-372) - 6/8. Let y(o) = -o**3 - 13*o**2 - 22*o - 2. Give y(m).
-2
Let k(w) be the third derivative of w**5/20 + w**4/6 + w**3/6 - w**2 + 224. Suppose 2*b + 4 + 9 = 5*h, -4*b = h - 7. Determine k(h).
40
Let f(c) = -c**3 - 3*c**2 + 2. Let z be ((-25)/5)/(4/16). Let q be (-99)/(-15) - 8/z. Let n = q - 10. Calculate f(n).
2
Let b(w) = -29*w + 65*w - 37*w. Suppose 16*j = 14*j + 6. Suppose 0 = 2*g - p - j*p - 2, -2*p + 2 = 0. Determine b(g).
-3
Let n(a) = -24*a + 2. Let r(s) = -26*s - 47. Let t(q) = -n(q) + r(q). Calculate t(-21).
-7
Let c = -9 + 11. Suppose -4*n = -5*l - 32, 23 - 1 = c*n - 4*l. Let o(h) = -4*h**2 - 7*h + 5*h - 4*h - h**n - 4 + 2*h. What is o(-3)?
-1
Let i(z) = 79*z + 950. Let y be i(-12). Let v(s) be the first derivative of s**3/3 + s**2 - 3*s + 14. Determine v(y).
5
Let m(i) = -7*i**3 + i**2 + 7*i - 40. Let z(l) = -6*l**3 + l**2 + 6*l - 39. Let q(j) = -5*m(j) + 6*z(j). Let o be 1*(-3 - (-78)/26). Give q(o).
-34
Let z(u) = 16*u + 3. Let q(g) = g**2 - 55*g - 116. Let d be q(-2). What is z(d)?
-29
Let x(y) = -250 + 27*y - 54*y + 48 + 37*y + 13*y. Determine x(9).
5
Let h be (1950/18)/(-13) - 54/(-6). Let r(o) be the first derivative of 4*o + 22 + h*o**3 - 5/2*o**2. Give r(3).
7
Let c(x) be the second derivative of -x**4/12 + 13*x**3/3 - 39*x**2 + 203*x - 5. What is c(23)?
-9
Let u(i) = -23*i**2 + 4*i - 752. Let g(z) = -4*z**2 - 126. Let d(y) = -6*g(y) + u(y). Let k = 14 + -8. Let a = -11 + k. Determine d(a).
9
Let r(u) = -4*u**2 - 13*u - 36. Let j(l) = 5*l**2 + 15*l + 40. Let t(o) = 6*j(o) + 7*r(o). Calculate t(-3).
9
Let h(w) be the second derivative of -13*w**4/24 - w**3/6 - 17*w**2 + 68*w. Let u(i) be the first derivative of h(i). Let a be 2/(-4) - 1/2. Determine u(a).
12
Let d = -8 + 14. Suppose 5*p - 3*r = 6, 4*r - 3 - 9 = 0. Let n(k) = 4*k + k - 2 + 13*k**3 - 12*k**p - 7*k**2 + 0. Give n(d).
-8
Let a(s) = 10*s + 118. Let y(c) = -2*c - 25. Let i(t) = -2*t - 26. Let r(m) = -2*i(m) + 3*y(m). Let g(p) = 3*a(p) + 16*r(p). Determine g(-10).
6
Suppose 0 = -t + s, 2*t - 24 = -32*s + 28*s. Let r(h) = -2*h**3 + 6*h**2 - 3*h - 2. Calculate r(t).
-46
Let z(b) be the first derivative of -b**4/4 - 2*b**3/3 + 5*b**2/2 + 5*b - 840. Calculate z(-2).
-5
Let m be 1/(1/12*2). Suppose -6 = -3*p, 0 = 2*k + p - 3*p - 54. Let j(g) = g**3 + 0*g - 35*g**2 + k*g**2 - g. Determine j(m).
-6
Let w(t) = t**3 - 8*t**2 + 3*t - 7. Let s(p) = -31*p - 279. Let l be s(-9). Let u = 17 + -1. Suppose -2*a + 0 + u = l. What is w(a)?
17
Suppose i - 87 = -0. Let v(z) = -88 - i + z**2 + 4*z + 176. Let k = -193 + 190. Give v(k).
-2
Let s be 14*(12 + 1394/(-119)). Let v(u) be the first derivative of 2*u**2 + 24 + 1/4*u**s + 3*u + 5/3*u**3. Determine v(-3).
9
Let j(f) = -4*f**2 + f**2 + 2*f**2 + 23 - 4*f. Let c(o) = -3*o**2 - 2478*o + 7453. Let x be c(3). Give j(x).
-9
Let z(n) = -30 + 121 + 19*n - 32*n + 62*n**2 + 2*n**3 + 16*n. Let h be z(-31). Let i(b) = 4*b**3 + 2*b**2 - 2*b. Give i(h).
-20
Suppose -254*o + 248*o = -228. Let t(b) = -56*b**2 + 8 + o*b**2 + 17*b**2 - 3*b. Determine t(-7).
-20
Let g(v) be the first derivative of 7*v**3/3 - v**2/2 + 59*v - 110. Let n(k) be the first derivative of g(k). Give n(2).
27
Let f(o) = 2*o - 11. Let z be f(8). Let d(m) = 262 + m**3 + 250 - z*m**2 - 499. What is d(4)?
-3
Let q(l) = l**2 - 15*l + 12. Let f = 456 + -467. Let m be (14/f)/(108/(-1188)). What is q(m)?
-2
Let s(j) = -2*j**2 - 23*j + 12. Suppose 4*p = -2*k + 25 - 61, 0 = -p - k - 6. What is s(p)?
0
Let k(a) = a**3 + 8*a**2 + 5*a - 15. Let p = -269 - -265. Let i be ((-8)/(-12))/((-1)/((-42)/p)). Calculate k(i).
-1
Let a(d) = -d**3 + 13*d**2 + 14*d + 3. Let b be a(14). Suppose o - 5*o + 23 = v, -5*v = -b*o. Suppose n = 1, -z - v*z - 3*n = -11. Let c(q) = q + 2. Give c(z).
4
Let g(y) = -4*y + 10. Let n(j) = -j**3 - j**2 + 2*j - 2. Let x(u) = -5*u**3 - 13*u**2 + 22*u - 9. Let b(k) = 6*n(k) - x(k). Let p be b(3). Calculate g(p).
-2
Let b(t) = -t**2 - 58*t - 4. Let z be b(-58). Let f(c) be the second derivative of 7/6*c**3 + 5/12*c**4 + 0 - 2*c + 1/20*c**5 + 3*c**2. Calculate f(z).
-6
Let b(s) = 6*s**2 - 2*s + 3*s**3 - 4*s**3 + 8 - 2*s. Suppose 9*h + 60 = 11*h. Suppose 0 = -49*n + 54*n - h. What is b(n)?
-16
Let k(b) = 4*b**2 - 15*b + 24. Let f(n) = 5*n**2 + n - 3. Let v(c) = f(c) - k(c). Calculate v(-17).
-10
Let z(t) = -t - 3. Let w = 3 - 0. Let p be (-2 - -2) + (-3 - w). Give z(p).
3
Let o(s) = 37*s + 572. Let r(u) = -9*u - 127. Let b(v) = 4*o(v) + 18*r(v). Give b(7).
-96
Suppose -2*w - h = 6, -3*w + 2*h - 4 + 9 = 0. Let k(o) = o**3 - 11*o**2 + 11*o - 5. Let t be k(10). Let b(a) = a - 2 + 1 + 0 - t*a. Calculate b(w).
3
Let q(m) be the first derivative of 1/4*m**4 - 7*m - 5/2*m**2 - 1 + 4/3*m**3. Let h = -41 + 36. What is q(h)?
-7
Let y be -3 - 4/(2